). Suppose 29 = 3*d - 1. Is l(d) a prime number?
True
Suppose -142 - 113 = l. Let y = 1082 + l. Let r = -454 + y. Is r prime?
True
Let c = 1 - 3. Let y be (c/4)/(8/(-16)). Let i = y + 306. Is i a composite number?
False
Suppose u - b = 12106 + 15119, 4*b - 54438 = -2*u. Is u a prime number?
False
Suppose 4*q + 5*r + 3847 = 5*q, -2*q = 5*r - 7739. Is q a prime number?
False
Is (-14116)/(-1) + -106 + 97 a composite number?
False
Suppose 0 = 7*p - 10*p - 315. Let l = 232 + p. Is l prime?
True
Suppose 3*i - m - 679 = -5*m, -m = 2*i - 446. Is i prime?
False
Is (-336477)/(-57) - 12/114 composite?
False
Suppose 133*w - 11140 = 129*w. Is w prime?
False
Let m(s) = -1463*s + 10. Let j be m(-8). Suppose j - 909 = 5*v. Is v composite?
False
Let y be ((-52)/(-20) + -3)*25. Let v = -6 - y. Suppose -v*a + 3*r + 126 = 0, 2*a - r - 62 = r. Is a a composite number?
True
Is (6/(-10) - -1) + (-393764)/(-140) composite?
True
Let y(v) = -v**3 + 4*v**2 - v - 4. Let j be y(3). Let i be (j/(-3))/((-9)/837). Suppose i = 2*d + 4*n, -37 - 87 = -4*d + n. Is d a prime number?
True
Let u(g) = 31*g**3 + 7*g**2 + 3*g - 11. Is u(8) a prime number?
True
Let c be 2414 + 2*(-2)/4. Suppose -3630 = -3*i - a, 6*a - c = -2*i + 3*a. Is i a composite number?
True
Let m = -1 + 6. Let o = 89 - 51. Suppose o = -m*b + 493. Is b composite?
True
Let j(d) = -d**2 - 7*d - 4. Let p be j(-6). Let w(o) be the first derivative of o**4 + o**2 - 3*o + 6. Is w(p) a prime number?
False
Suppose -g - 5*h = -25, 5*h = 19 + 1. Suppose -4*s - 2*j = -s - 2, 10 = -g*j. Suppose 2*y + 477 = 5*y - s*q, 2*y - 3*q = 323. Is y a composite number?
False
Suppose 4*g = -4*w + 5*g + 201, -5*w - 4*g + 267 = 0. Let k = w + 802. Is k a prime number?
True
Let n(m) = 19*m**2 + 15*m + 5. Suppose 3*i + 33 - 12 = 0. Is n(i) composite?
True
Is (-1)/(3/(-64878))*5/10 a composite number?
True
Suppose -60058 = -4*r + 3*a, -5*r - 7*a + 8*a = -75067. Is r a composite number?
False
Let r be (20/3)/((-8)/(-420)). Let x = r + -159. Let s = 369 - x. Is s composite?
True
Let s(m) be the second derivative of -m**3/2 - m**2/2 - 3*m. Let b be s(-2). Is 218/8*(b + 3) a composite number?
True
Is -3 + (-104)/(-24) + 53900/12 composite?
False
Let p(y) = 55*y**2 + y - 159. Is p(22) composite?
True
Let c be 662/9 - (-8)/18. Suppose -4*x + 2*g = -c, 0 = 4*x - 0*x + 5*g - 81. Is x prime?
True
Let q be (-3 + -1 - (-9)/2)*0. Suppose -2*c - 2*c + 3*t = -28, t = q. Is c prime?
True
Let r = 7945 + 19786. Is r a prime number?
False
Let f(l) = 1075*l - 394. Is f(5) prime?
False
Let i(g) = 1668*g**3 - 2*g + 1. Let s be i(1). Suppose 2*r - 4*a - 1652 = -2*a, 2*r - s = 5*a. Is r composite?
False
Let w = 31 - 31. Suppose w = -c - 3*s + 50 + 338, -c + s = -376. Is c prime?
True
Suppose 35*d - 27*d - 10888 = 0. Is d a prime number?
True
Let n(h) = -3*h**3 - h**2 - h - 1. Let p be n(-1). Suppose c + 22 = -0*c - p*b, -2*b = -4*c - 68. Let q = 21 + c. Is q composite?
False
Let i = 247687 + -151160. Is i a prime number?
True
Let o(g) = 1479*g**2 + g + 35. Is o(-3) composite?
True
Let d(z) = -6*z + 3 + 0 - z**3 - 9*z**2 - 2. Let y be -9*(-2 - -3)*1. Is d(y) prime?
False
Let r(a) = -a**3 + a**2 - a + 16. Let n be r(0). Is (-4794)/(-4) - (-8)/n a prime number?
False
Is ((-891)/324)/((-2)/536) a composite number?
True
Suppose 28 = 10*a - 12. Suppose a*y + 1224 = 5680. Is y prime?
False
Suppose -2*m + d = -1390, 0*m - m - d + 689 = 0. Suppose -2*l = -f + 287, 4*f + 5*l = 507 + m. Is f composite?
True
Let m be (-41)/((-4)/(-12) + (-8)/22). Suppose 0*h = 3*h - m. Is h composite?
True
Let p(i) be the first derivative of 1/2*i**2 - 11 + 9*i. Is p(-6) composite?
False
Let s(v) = -v**3 - 3*v**2 - 3*v + 4. Let j be s(-3). Let u(z) = 26*z - 19. Is u(j) prime?
False
Suppose -w + 4*k + 292 = 2, 5*k = 5*w - 1435. Suppose 0 = -5*f + 7*f - w. Is f a prime number?
False
Let q(y) = 31*y + 24627. Is q(0) prime?
False
Is (-12473)/((-9)/18*(1 + 1)) composite?
False
Let r(y) = -y + 11. Let u be r(7). Suppose 2*a - 2*n = 2, -3*a + n = 2 - 3. Suppose a*v + 36 = u*v. Is v a composite number?
True
Let j(i) be the first derivative of i**3/3 + 221*i - 1. Is j(0) composite?
True
Suppose m - 4*m - 5*l = -31, -4*m + 33 = 5*l. Suppose -m*g + 0*g - 5*y + 264 = 0, 0 = -g - 3*y + 134. Is g a composite number?
True
Let r(f) = f**3 - 6*f**2 + 2*f - 6. Let j be r(6). Let d(c) be the first derivative of -c**4/4 + 7*c**3/3 - 5*c**2/2 + 5*c - 1. Is d(j) a prime number?
True
Let s(r) = -10*r - 6. Let v be s(7). Let m be (-2 - -1)*-2 - v. Suppose -5*u + 5 = 0, m = 3*w + u + 2*u. Is w composite?
True
Suppose 4*f = 0, 23183 = 3*w - 2*f - 79450. Is w composite?
False
Let v be (-10)/20 + 120882/4. Suppose -50*j + 46*j = -v. Is j composite?
True
Suppose 10*d = -94 + 14. Let l(j) = j**3 + 10*j**2 - 6*j + 14. Let k(x) = -x**3 - 10*x**2 + 7*x - 13. Let v(h) = -3*k(h) - 2*l(h). Is v(d) composite?
False
Let d = 364 - 571. Let i be (668/(-6))/(1/(-3)). Let a = d + i. Is a prime?
True
Let q be -4678*((-3)/(-3) - 0). Is (-11)/22 - q/4 prime?
False
Suppose 9*k - 663067 = -14*k. Is k a composite number?
True
Suppose -6*b + 4480 + 39218 = 0. Is b composite?
False
Suppose -146 = 5*z + 3*o, -z + 82 = -4*z + o. Let f be 3084/14 - (-8)/z. Suppose -3*t + 7*t = f. Is t a prime number?
False
Let k(q) = 25*q**2 + 15*q - 27. Is k(-13) composite?
False
Let m(c) = -c**3 - 3*c**2 - 3*c + 1. Let u be m(-2). Is (1887/u)/((-2)/(-2)) composite?
True
Let g(s) = -2*s**3 - 37*s**2 + 21*s + 17. Let o(v) = 3*v**3 + 55*v**2 - 31*v - 25. Let l be 2 - (-6 - (0 - 3)). Let p(r) = l*o(r) + 7*g(r). Is p(-15) prime?
False
Let x(y) = -8*y + 14. Let h be x(2). Is h/(1 - -1) - -2460 a composite number?
False
Let j(b) = 0*b**2 + 8*b + 3*b**2 + 1 + 8. Let r be j(-6). Suppose -5*o = -r - 46. Is o composite?
False
Is ((-21)/(-6))/((-7)/(-18242)) a composite number?
True
Suppose -2*n - 5*v = -5070, 0 = -n + 2*v - 0*v + 2517. Let m = 5332 - n. Is m a prime number?
False
Suppose -o + 2*j + 5385 = 0, -601 - 4786 = -o + 3*j. Is o a composite number?
False
Let t = 3143 + -606. Is t a composite number?
True
Let x(n) be the first derivative of 5*n**4/2 - 3*n**2/2 - 7*n - 2. Let v be x(5). Suppose 0*i - 4*i = -v. Is i composite?
False
Is (1 + 1)/(12 + 98210/(-8185)) a prime number?
True
Let u be (-326)/(-2*(-3 + 4)). Let z = u - 90. Let f = 162 - z. Is f a composite number?
False
Let q be 22/99 - (-155)/(-9). Let h = q - -24. Is 164/(h/((-28)/(-8))) a prime number?
False
Let k(y) = 11*y + 1. Let h be (-424)/(-28) + (-2)/14. Is k(h) a prime number?
False
Suppose 0*u + 4*r + 6 = u, -2*u = -2*r - 6. Let i be (741/u)/((-2)/(-4)). Suppose n = -2*n + i. Is n a composite number?
True
Let y = -11698 + 16919. Is y a prime number?
False
Let d(w) = -w**3 - 7*w**2 + 7*w - 6. Let y be d(-8). Let s = y + 2. Suppose t = -2 + s, -k + 69 = -5*t. Is k a prime number?
True
Suppose 6*n = 2*n. Suppose -4*y - 4*i + 640 = n, 2*y - 5*i - 196 = 110. Let h = y - 9. Is h a prime number?
True
Let b(w) be the first derivative of -6 - 7*w**2 + 6*w**2 - 5*w + 4*w**2 + 0 + 4*w**3. Is b(-5) composite?
True
Suppose 5*s = s + 28. Let d(q) be the third derivative of q**6/60 - 7*q**5/60 + 5*q**4/12 - 8*q**3/3 - 3*q**2 - 32*q. Is d(s) a composite number?
False
Let z(n) = 1317*n**2 + n + 1. Is z(4) a composite number?
True
Let v(s) be the second derivative of 2*s**4/3 + 11*s**3/6 - 9*s**2/2 + 8*s. Is v(4) composite?
False
Let b(r) be the second derivative of 49*r**5/20 + r**4/4 - r**3/2 - 2*r**2 + r. Suppose -u - 6 = 6*j - 9*j, 3*u - 21 = -4*j. Is b(u) composite?
True
Suppose 4*v - 42 = i - 0*i, -2*v + 28 = -4*i. Is -3 + (8/v)/((-12)/(-11310)) a composite number?
False
Let z be (-34)/(-8) - (-1)/(-4). Suppose 3*v + x - 672 = z*x, 670 = 3*v - x. Suppose -6*j + 3*j + v = -2*d, 0 = -5*j - 4*d + 335. Is j prime?
True
Let m(n) be the first derivative of 29*n**3/6 + 17*n**2/2 + 8*n + 9. Let o(z) be the first derivative of m(z). Is o(6) prime?
True
Let a(l) = l**2 + 6*l - 2. Let v be a(-7). Suppose -2007 = -v*h - 4*h. Is h prime?
True
Let v(h) = 4*h**2 - 4*h + 7. Let d be (0 + 4)/(11 + -9). Let g be (-1)/(4/40*d). Is v(g) composite?
False
Suppose 168902 = 14*h + 59856. Is h prime?
True
Let f = 13383 - 9286. Is f composite?
True
Let n(r) = -18*r - 15. Let p(w) = w**3 - 15*w**2 + 14*w - 4. Let x be p(14). Is n